he remainder when 36 is divided by t?
10
Let u(r) = -r**2 - 11*r - 4. Let m be u(-9). Suppose -2*z + w = 3*w - m, -5*z + 51 = -3*w. Let j = 121 - 87. What is the remainder when j is divided by z?
7
Suppose -3*d - 8*o = -6*o - 304, 2*d - 2*o = 196. Calculate the remainder when 202 is divided by d.
2
Suppose 14 + 11 = -r. Let n = -15 - r. Let q = 2 - -36. What is the remainder when q is divided by n?
8
Calculate the remainder when 500/8 + -6 + (-51)/(-6) is divided by (1 - 3)/((-2)/34).
31
Suppose 374*q = 372*q + 98. Calculate the remainder when q is divided by 47.
2
Let s(q) = 12*q - 4. Let f be s(2). Suppose 0 = 2*l - f - 32. What is the remainder when 103 is divided by l?
25
Let y be (-1)/(2 + 102/(-54)). Let g(q) = -2*q**2 - 20*q - 5. Suppose 4*f = f + 21. Calculate the remainder when g(y) is divided by f.
6
Let b(c) = 6*c + 4. Let z be b(10). Suppose -3*i - 2*u + 97 = 0, 3*i - 5*i - u = -z. What is the remainder when i is divided by 12?
7
Let l(s) = 7*s + 5. Let b(k) = 8*k + 5. Let x(y) = -4*b(y) + 5*l(y). Calculate the remainder when 120 is divided by x(12).
38
Let p = 233 + 19. Suppose p = 4*l + 4*z, l + 32 = 3*z + 91. Let f = -14 - -27. Calculate the remainder when l is divided by f.
10
Let j = 189 + -7. Suppose 0*l = -2*l + j. What is the remainder when l is divided by 31?
29
Let f be 2 - -2 - (-2 + 1). Suppose f*a + 211 = 31. Let u = -9 - a. Calculate the remainder when 80 is divided by u.
26
Suppose -22 = 291*d - 292*d. Suppose f - 65 = -0*f. Calculate the remainder when f is divided by d.
21
Let h(a) = -2*a**2 - 20*a + 4. Suppose -f + 0*f = 3*m - 1, 5*m + 25 = 5*f. What is the remainder when f is divided by h(-10)?
0
What is the remainder when ((-12)/(-4) - 1) + 2 + 77 is divided by 15?
6
Calculate the remainder when 187 is divided by (-9*2/4)/((-9)/54).
25
Let k(g) = g + 1. Let w be k(2). Suppose 3*x = 5*s + 68 - 0, -20 = -4*s. What is the remainder when x is divided by (-2)/w + (-50)/(-3)?
15
Let j = 424 - 287. What is the remainder when j is divided by 20?
17
Suppose 2*z - 12 = -b, -3*b - 4*z + 90 = 2*b. What is the remainder when 142 is divided by b?
10
Suppose 2*a + 0*x - 36 = x, 5*a - x - 84 = 0. Let w = a - -54. What is the remainder when w is divided by 19?
13
Let h = 330 - 293. Let d = 105 + 42. What is the remainder when d is divided by h?
36
Suppose 9071 - 8972 = 9*k. Let m = 17 + 3. What is the remainder when m is divided by k?
9
Calculate the remainder when ((-235)/(-30) + (-4)/(-8))*18 is divided by 17.
14
Let n(v) = v**3 + 8*v**2 - 2*v + 1. Suppose 13*s - 8 = 14*s. What is the remainder when 67 is divided by n(s)?
16
Let w(r) = -107*r. Let n be w(-1). Let m(o) = o**2 - 34*o - 5. Let d be m(32). Let l = n + d. What is the remainder when l is divided by 13?
12
Let n = -80 - -85. Suppose k + 2*k = 4*l - 70, 5*l - 105 = -n*k. Calculate the remainder when 37 is divided by l.
18
Let t(i) = -i**3 + 2*i**2 + 0*i**2 + 4*i**2 + 6 - 5*i - i. Suppose 0*g + 5*g - 195 = 0. What is the remainder when g is divided by t(4)?
11
Suppose 12*t - 246 = 9702. Calculate the remainder when t is divided by 52.
49
Suppose 0 = -2*s - 4*x + 8, 3*s - 2*x = 5*s - 2. What is the remainder when 15/(-2)*156/(-65) is divided by (5/s)/((-1)/4)?
8
Let z(g) = -g**3 - 3*g**2 - 18*g - 46. What is the remainder when 206 is divided by z(-3)?
6
Let q(j) = 6*j**2 - 12*j + 10. What is the remainder when q(9) is divided by 30?
28
Let b = -22 - -40. Let t be (-49)/63 - 4/b. What is the remainder when (-53)/(t/(-3)*-3) is divided by 28?
25
Let u(k) = 3*k**3 + 29*k**2 - 13*k - 18. What is the remainder when 727 is divided by u(-10)?
7
Suppose 2*g = 152 + 22. Suppose 0 = -2*r + 2*q + 16, 0*r = -r - 2*q + 2. Suppose r*i - a = 2*i + 91, a = -3. What is the remainder when g is divided by i?
21
Suppose -16 = 4*m + 4*d, d + 4 + 0 = -2*m. Suppose m = 4*q - 14 + 6. Calculate the remainder when 57 is divided by (8/20)/(q/60).
9
Let z = -12 - -28. Suppose -15*d + z*d = 9. What is the remainder when d is divided by 5?
4
Suppose -6*z - 15 = -111. Suppose z - 280 = -3*g. What is the remainder when g is divided by 46?
42
Let u be 12*((-8)/3 - 0). Let r = u - -80. What is the remainder when (-2)/(-8) + 1284/r is divided by 15?
12
Suppose -3 = 4*o + 4*c - 11, -4*o + 9 = 3*c. Let m(d) = d**3 + 6*d**2 - 2*d - 6. Calculate the remainder when m(-6) is divided by o/(-2)*32/(-12).
2
Let z = 5 - -27. Calculate the remainder when 248 is divided by z.
24
Let v = -5 + 14. Suppose 294 = v*c - 2*c. What is the remainder when c is divided by 15?
12
Let v(g) = g**2 - 13*g - 8. Let j be v(12). Let y = -8 - j. What is the remainder when 31 is divided by y?
7
Let h = 144 - 2. Calculate the remainder when h is divided by 59.
24
Let j = 65 + -36. Suppose -3*q = 48 - 36, 0 = 2*o - q - 228. Calculate the remainder when o is divided by j.
25
Let m(g) = -2*g - 100. Let q(v) = -v - 40. Let r(h) = -5*m(h) + 12*q(h). What is the remainder when r(-7) is divided by 9?
7
Let m be -9*(9/(-27) - 2/(-3)). What is the remainder when (-1)/(-3) - (1 + 176/m) is divided by 12?
10
Let x be 3/9*0 - -2. Let a(s) = 9*s**3 - 2*s - 1. What is the remainder when a(2) is divided by (1 - x)*(-17)/1?
16
Suppose 331*z - 337*z + 60 = 0. Calculate the remainder when 72 is divided by z.
2
Let q = -651 + 711. Calculate the remainder when q is divided by 53.
7
Suppose -475 = -3*w - 2*w - 5*g, -4*w - 5*g + 375 = 0. What is the remainder when w is divided by 47?
6
Let b = -2 + 61. Let r = b + -46. Calculate the remainder when 76 is divided by r.
11
Suppose -m = -8*z + 3*z - 56, -2*z - 8 = 0. Let r = 30 + -17. What is the remainder when m is divided by -4*(-2)/8*r?
10
Let s(q) = 3*q - 32. Let c be s(10). Let d(i) = i - 8. Let n be d(-10). Let a = c - n. What is the remainder when a is divided by 6?
4
Let j be (2 - 0 - -2) + 1. Suppose 47 = 3*x - j*z, -17 + 2 = -x + z. Calculate the remainder when ((-8)/(-20) + -3)*-10 is divided by x.
12
Let g = -247 + 285. What is the remainder when g is divided by (-16)/(-2) + -1 + 3?
8
Suppose -134 = -2*t - 5*o, -t - 22 + 71 = -2*o. Calculate the remainder when t is divided by 14/(-70) + (-122)/(-10).
9
Let r(o) = -17*o - 73. What is the remainder when 250 is divided by r(-6)?
18
Let c = -24 - -24. Let x(s) = 2*s**2 + 3*s + 9 - 3*s**2 - 2*s. Calculate the remainder when x(c) is divided by 6.
3
Suppose 0 = -4*z + 20, 4*m - 5*z + 60 = 5*m. What is the remainder when 219 is divided by m?
9
Suppose -3*p - 537 = -0*p + 5*k, -k + 555 = -3*p. Let b = 321 + p. What is the remainder when b is divided by 14?
11
Suppose 7*z + 6 = 10*z. Suppose -2*l = -5*f - 80 + 19, z*l = -2*f + 82. What is the remainder when l is divided by 10?
8
Let a = -259 + 294. Calculate the remainder when a is divided by 12.
11
Let z = -101 + 144. Let s be -2 + -1 + 27 + -2. Suppose 3*j = 2*j + s. What is the remainder when z is divided by j?
21
Calculate the remainder when 130 is divided by -3*(1 - 16) - (-4 + 5).
42
Let w(d) = -d**3 + d**2. Let n be w(0). Suppose j = -2*j - 3*u + 3, 5*u = -10. Suppose 42 = j*r - n. Calculate the remainder when r is divided by 5.
4
Let n = 154 - 139. Calculate the remainder when n is divided by 6.
3
Suppose 3*n - 7 + 1 = 0. Let y(d) = -11*d - 4*d**2 + n*d**2 - 7 + d**2. Calculate the remainder when y(-7) is divided by 12.
9
Let g = 2 - -13. Let z = g + -10. Calculate the remainder when z is divided by 1*(-5)/(-2)*(-8)/(-10).
1
Let w(i) be the first derivative of i**3/3 + 8*i**2 - 4*i - 10. What is the remainder when w(-17) is divided by 4?
1
Let v be ((-4)/6)/(((-4)/(-6))/(-2)). Suppose -3*z = v*z - 25. What is the remainder when 10 is divided by z?
0
Let v = -40 - -86. Suppose v = -3*f - 2*r, 1 = -4*r - 19. Let g = f - -16. What is the remainder when 9 is divided by g?
1
Let b = -427 + 514. Calculate the remainder when 334 is divided by b.
73
Let k(p) = -p**3 + 5*p + 10. What is the remainder when k(-5) is divided by 104?
6
Suppose -3*r + 4*b = -69, 2*r = 5*b - b + 50. Suppose s - 210 = -6*s. What is the remainder when s is divided by r?
11
Let u = 19 - 33. Let z = 60 + u. What is the remainder when z is divided by 12?
10
Suppose 0 = 4*x - 17 - 15. Suppose -x + 0 = -2*i. Calculate the remainder when 30 is divided by i*2*20/10.
14
Suppose 10*d - 7*d - 6 = 0. Suppose 404 = 4*m + c, -5*m = 5*c - d*c 